{"id":6,"date":"2024-11-22T07:31:18","date_gmt":"2024-11-22T07:31:18","guid":{"rendered":"https:\/\/doit.biz.pl\/checklistarodo\/mesmerize\/"},"modified":"2025-02-12T09:15:01","modified_gmt":"2025-02-12T09:15:01","slug":"mesmerize","status":"publish","type":"page","link":"https:\/\/doit.biz.pl\/checklistarodo\/","title":{"rendered":"Front Page"},"content":{"rendered":"<div  data-label=\"Content\" data-id=\"content--2\" data-export-id=\"content-12\" data-category=\"content\" class=\"content-12 content-section content-section-spacing\" id=\"content-2\" style=\"background-color: rgb(29, 32, 106); background-image: none;\"><div  class=\"gridContainer\"> <div  class=\"row text-center\"><div  class=\"section-title-col\" data-type=\"column\">  <h1  class=\"\"><\/h1><h1  class=\"\" style=\"margin-bottom: 2rem; outline-color: rgb(204, 204, 204); outline-style: solid; color: rgb(255, 255, 255); background-color: rgb(29, 32, 106);\"><span  style=\"font-weight: 900;\">Przygotuj<span  style=\"color: rgb(51, 172, 226);\">&nbsp;swoj\u0105 firm\u0119&nbsp;<\/span>na 2025 rok!<\/span><\/h1><\/div> <\/div> <div  class=\"row center-xs middle-xs\"> <div  class=\"col-sm-9\" data-type=\"column\"> <\/div> <\/div><\/div> <\/div><div  data-label=\"Subscribe\" data-id=\"subscribe--1\" data-export-id=\"subscribe-2cols-section\" data-category=\"subscribe\" class=\"subscribe-2cols-section content-section content-section-spacing-medium bg-color5 white-text\" id=\"subscribe-1\" style=\"background-image: none; background-color: rgb(29, 32, 106);\" data-section-ov=\"1\"><div  class=\"gridContainer\"> <div  class=\"row middle-xs\"><div  class=\"col-sm-6 col-md-7 space-bottom-xs\" data-type=\"column\"><h4  class=\"\"><\/h4><h3  class=\"\"><span  style=\"font-weight: 700;\">Dlaczego warto pobra\u0107 bezp\u0142atnie checklist\u0119 RODO?<\/span><\/h3> <img decoding=\"async\"  class=\"custom-image\" src=\"https:\/\/doit.biz.pl\/checklistarodo\/wp-content\/uploads\/2024\/11\/cropped-AAA8741-\u2014-kopia11-1.jpg\" title=\"cropped-AAA8741-\u2014-kopia11-1.jpg\" alt=\"\"><h4  class=\"\"><span  style=\"font-weight: 400;\"><br >\u2b50 Unikniesz zaskoczenia w zwi\u0105zku z kontrol\u0105 z UODO\n<\/span><br ><span  style=\"font-weight: 400;\">\n\u2b50 Niepoprawne wdro\u017cenie = kara finansowa do 20 mln z\u0142<\/span><br ><span  style=\"font-weight: 400;\">\n\u2b50 Niepoprawnie chronione dane mog\u0105 wyciec = kary\n<\/span><br ><span  style=\"font-weight: 400;\">\n\u2b50 Utrata reputacji Twojej firmy\n<\/span><br ><span  style=\"font-weight: 400;\">\n\u2b50 83% firm ma \u017ale wdro\u017cone RODO<\/span><\/h4><\/div> <div  class=\"col-sm-6 col-md-5 text-right-sm\" data-content-shortcode=\"mesmerize_subscribe_form shortcode=&quot;contact-form-7 id=&amp;amp;quot;1a84bc8&amp;amp;quot; title=&amp;amp;quot;Formularz 1&amp;amp;quot;&quot;\" data-editable=\"true\"><div class=\"subscribe-form\">\n<div class=\"wpcf7 no-js\" id=\"wpcf7-f40-o1\" lang=\"pl-PL\" dir=\"ltr\" data-wpcf7-id=\"40\">\n<div class=\"screen-reader-response\"><p role=\"status\" aria-live=\"polite\" aria-atomic=\"true\"><\/p> <ul><\/ul><\/div>\n<form action=\"\/checklistarodo\/wp-json\/wp\/v2\/pages\/6#wpcf7-f40-o1\" method=\"post\" class=\"wpcf7-form init\" aria-label=\"Formularz kontaktowy\" novalidate=\"novalidate\" data-status=\"init\">\n<fieldset class=\"hidden-fields-container\"><input type=\"hidden\" name=\"_wpcf7\" value=\"40\" \/><input type=\"hidden\" name=\"_wpcf7_version\" value=\"6.1.5\" \/><input type=\"hidden\" name=\"_wpcf7_locale\" value=\"pl_PL\" \/><input type=\"hidden\" name=\"_wpcf7_unit_tag\" value=\"wpcf7-f40-o1\" \/><input type=\"hidden\" name=\"_wpcf7_container_post\" value=\"0\" \/><input type=\"hidden\" name=\"_wpcf7_posted_data_hash\" value=\"\" \/>\n<\/fieldset>\n<p><label><br \/>\n<span class=\"wpcf7-form-control-wrap\" data-name=\"your-email\"><input size=\"40\" maxlength=\"400\" class=\"wpcf7-form-control wpcf7-email wpcf7-validates-as-required wpcf7-text wpcf7-validates-as-email\" aria-required=\"true\" aria-invalid=\"false\" placeholder=\"Tw\u00f3j adres e-mail\" value=\"\" type=\"email\" name=\"your-email\" \/><\/span> <\/label><br \/>\n<label><br \/>\n<span class=\"wpcf7-form-control-wrap\" data-name=\"tel\"><input size=\"40\" maxlength=\"400\" class=\"wpcf7-form-control wpcf7-tel wpcf7-validates-as-required wpcf7-text wpcf7-validates-as-tel\" aria-required=\"true\" aria-invalid=\"false\" placeholder=\"Tw\u00f3j numer telefonu\" value=\"\" type=\"tel\" name=\"tel\" \/><\/span> <\/label><br \/>\n<label><br \/>\n<span class=\"wpcf7-form-control-wrap\" data-name=\"nip\"><input size=\"40\" maxlength=\"400\" class=\"wpcf7-form-control wpcf7-text wpcf7-validates-as-required\" aria-required=\"true\" aria-invalid=\"false\" placeholder=\"NIP firmy\" value=\"\" type=\"text\" name=\"nip\" \/><\/span> <\/label>\n<\/p>\n<p><span class=\"wpcf7-form-control-wrap\" data-name=\"acceptance-726\"><span class=\"wpcf7-form-control wpcf7-acceptance\"><span class=\"wpcf7-list-item\"><label><input type=\"checkbox\" name=\"acceptance-726\" value=\"1\" aria-invalid=\"false\" \/><span class=\"wpcf7-list-item-label\">Wysy\u0142aj\u0105c moje dane wyra\u017cam zgod\u0119 na przetwarzanie ich w celu dostarczania tre\u015bci, kontaktu ze mn\u0105 przez DOIT.BIZ Sp. z o.o. w celu przeprowadzenia konsultacji i akceptuj\u0119 informacj\u0119 o przetwarzaniu https:\/\/doit.biz.pl\/rodo\/ .<\/span><\/label><\/span><\/span><\/span>\n<\/p>\n<p><input class=\"wpcf7-form-control wpcf7-submit has-spinner\" type=\"submit\" value=\"Chc\u0119 otrzyma\u0107 checklist\u0119 RODO\" \/>\n<\/p><div class=\"wpcf7-response-output\" aria-hidden=\"true\"><\/div>\n<\/form>\n<\/div>\n<\/div><\/div><\/div> <\/div><\/div><div  data-label=\"Content\" data-id=\"content--1\" data-export-id=\"content-12\" data-category=\"content\" class=\"content-12 content-section content-section-spacing\" id=\"content-1\" style=\"background-color: rgb(29, 32, 106); background-image: none;\"><div  class=\"gridContainer\"> <div  class=\"row text-center\"><div  class=\"section-title-col\" data-type=\"column\">  <h3  class=\"\"><\/h3><h4  class=\"\" style=\"margin-bottom: 2rem; outline-color: rgb(204, 204, 204); outline-style: solid; color: rgb(255, 255, 255); background-color: rgb(29, 32, 106);\"><span >DOSKONA\u0141A&nbsp;\u2b50\u2b50\u2b50\u2b50\u2b50 557 opinii | Trustindex \u2705<\/span><\/h4><\/div> <\/div> <div  class=\"row center-xs middle-xs\"> <div  class=\"col-sm-9\" data-type=\"column\"> <\/div> <\/div><\/div> <\/div>","protected":false},"excerpt":{"rendered":"<p>Przygotuj&nbsp;swoj\u0105 firm\u0119&nbsp;na 2025 rok! Dlaczego warto pobra\u0107 bezp\u0142atnie checklist\u0119 RODO? \u2b50 Unikniesz zaskoczenia w zwi\u0105zku z kontrol\u0105 z UODO \u2b50 Niepoprawne wdro\u017cenie = kara finansowa do 20 mln z\u0142 \u2b50 Niepoprawnie chronione dane mog\u0105 wyciec = kary \u2b50 Utrata reputacji Twojej firmy \u2b50 83% firm ma \u017ale wdro\u017cone RODO DOSKONA\u0141A&nbsp;\u2b50\u2b50\u2b50\u2b50\u2b50 557 opinii | Trustindex \u2705<\/p>\n","protected":false},"author":1,"featured_media":0,"parent":0,"menu_order":0,"comment_status":"closed","ping_status":"closed","template":"page-templates\/homepage.php","meta":{"footnotes":""},"class_list":["post-6","page","type-page","status-publish","hentry"],"aioseo_notices":[],"yoast_head":"<!-- This site is optimized with the Yoast SEO plugin v27.3 - https:\/\/yoast.com\/product\/yoast-seo-wordpress\/ -->\n<title>Front Page - Checklista poprawno\u015bci wdro\u017cenia RODO<\/title>\n<meta name=\"robots\" content=\"index, follow, max-snippet:-1, max-image-preview:large, max-video-preview:-1\" \/>\n<link rel=\"canonical\" href=\"https:\/\/doit.biz.pl\/checklistarodo\/\" \/>\n<meta property=\"og:locale\" content=\"pl_PL\" \/>\n<meta property=\"og:type\" content=\"article\" \/>\n<meta property=\"og:title\" content=\"Front Page - Checklista poprawno\u015bci wdro\u017cenia RODO\" \/>\n<meta property=\"og:description\" content=\"Przygotuj&nbsp;swoj\u0105 firm\u0119&nbsp;na 2025 rok! Dlaczego warto pobra\u0107 bezp\u0142atnie checklist\u0119 RODO? \u2b50 Unikniesz zaskoczenia w zwi\u0105zku z kontrol\u0105 z UODO \u2b50 Niepoprawne wdro\u017cenie = kara finansowa do 20 mln z\u0142 \u2b50 Niepoprawnie chronione dane mog\u0105 wyciec = kary \u2b50 Utrata reputacji Twojej firmy \u2b50 83% firm ma \u017ale wdro\u017cone RODO DOSKONA\u0141A&nbsp;\u2b50\u2b50\u2b50\u2b50\u2b50 557 opinii | Trustindex \u2705\" \/>\n<meta property=\"og:url\" content=\"https:\/\/doit.biz.pl\/checklistarodo\/\" \/>\n<meta property=\"og:site_name\" content=\"Checklista poprawno\u015bci wdro\u017cenia RODO\" \/>\n<meta property=\"article:modified_time\" content=\"2025-02-12T09:15:01+00:00\" \/>\n<meta name=\"twitter:card\" content=\"summary_large_image\" \/>\n<script type=\"application\/ld+json\" class=\"yoast-schema-graph\">{\"@context\":\"https:\\\/\\\/schema.org\",\"@graph\":[{\"@type\":\"WebPage\",\"@id\":\"https:\\\/\\\/doit.biz.pl\\\/checklistarodo\\\/\",\"url\":\"https:\\\/\\\/doit.biz.pl\\\/checklistarodo\\\/\",\"name\":\"Front Page - Checklista poprawno\u015bci wdro\u017cenia RODO\",\"isPartOf\":{\"@id\":\"https:\\\/\\\/doit.biz.pl\\\/checklistarodo\\\/#website\"},\"datePublished\":\"2024-11-22T07:31:18+00:00\",\"dateModified\":\"2025-02-12T09:15:01+00:00\",\"breadcrumb\":{\"@id\":\"https:\\\/\\\/doit.biz.pl\\\/checklistarodo\\\/#breadcrumb\"},\"inLanguage\":\"pl-PL\",\"potentialAction\":[{\"@type\":\"ReadAction\",\"target\":[\"https:\\\/\\\/doit.biz.pl\\\/checklistarodo\\\/\"]}]},{\"@type\":\"BreadcrumbList\",\"@id\":\"https:\\\/\\\/doit.biz.pl\\\/checklistarodo\\\/#breadcrumb\",\"itemListElement\":[{\"@type\":\"ListItem\",\"position\":1,\"name\":\"Home\",\"item\":\"https:\\\/\\\/doit.biz.pl\\\/checklistarodo\\\/\"},{\"@type\":\"ListItem\",\"position\":2,\"name\":\"Front Page\"}]},{\"@type\":\"WebSite\",\"@id\":\"https:\\\/\\\/doit.biz.pl\\\/checklistarodo\\\/#website\",\"url\":\"https:\\\/\\\/doit.biz.pl\\\/checklistarodo\\\/\",\"name\":\"Checklista poprawno\u015bci wdro\u017cenia RODO\",\"description\":\"PRZYGOTUJ SWOJ\u0104 FIRM\u0118\\\/SKLEP NA 2025 ROK!\",\"publisher\":{\"@id\":\"https:\\\/\\\/doit.biz.pl\\\/checklistarodo\\\/#organization\"},\"potentialAction\":[{\"@type\":\"SearchAction\",\"target\":{\"@type\":\"EntryPoint\",\"urlTemplate\":\"https:\\\/\\\/doit.biz.pl\\\/checklistarodo\\\/?s={search_term_string}\"},\"query-input\":{\"@type\":\"PropertyValueSpecification\",\"valueRequired\":true,\"valueName\":\"search_term_string\"}}],\"inLanguage\":\"pl-PL\"},{\"@type\":\"Organization\",\"@id\":\"https:\\\/\\\/doit.biz.pl\\\/checklistarodo\\\/#organization\",\"name\":\"Checklista poprawno\u015bci wdro\u017cenia RODO\",\"url\":\"https:\\\/\\\/doit.biz.pl\\\/checklistarodo\\\/\",\"logo\":{\"@type\":\"ImageObject\",\"inLanguage\":\"pl-PL\",\"@id\":\"https:\\\/\\\/doit.biz.pl\\\/checklistarodo\\\/#\\\/schema\\\/logo\\\/image\\\/\",\"url\":\"https:\\\/\\\/doit.biz.pl\\\/checklistarodo\\\/wp-content\\\/uploads\\\/2024\\\/11\\\/cropped-AAA8741-\u2014-kopia11.jpg\",\"contentUrl\":\"https:\\\/\\\/doit.biz.pl\\\/checklistarodo\\\/wp-content\\\/uploads\\\/2024\\\/11\\\/cropped-AAA8741-\u2014-kopia11.jpg\",\"width\":600,\"height\":600,\"caption\":\"Checklista poprawno\u015bci wdro\u017cenia RODO\"},\"image\":{\"@id\":\"https:\\\/\\\/doit.biz.pl\\\/checklistarodo\\\/#\\\/schema\\\/logo\\\/image\\\/\"}}]}<\/script>\n<!-- \/ Yoast SEO plugin. -->","yoast_head_json":{"title":"Front Page - Checklista poprawno\u015bci wdro\u017cenia RODO","robots":{"index":"index","follow":"follow","max-snippet":"max-snippet:-1","max-image-preview":"max-image-preview:large","max-video-preview":"max-video-preview:-1"},"canonical":"https:\/\/doit.biz.pl\/checklistarodo\/","og_locale":"pl_PL","og_type":"article","og_title":"Front Page - Checklista poprawno\u015bci wdro\u017cenia RODO","og_description":"Przygotuj&nbsp;swoj\u0105 firm\u0119&nbsp;na 2025 rok! Dlaczego warto pobra\u0107 bezp\u0142atnie checklist\u0119 RODO? \u2b50 Unikniesz zaskoczenia w zwi\u0105zku z kontrol\u0105 z UODO \u2b50 Niepoprawne wdro\u017cenie = kara finansowa do 20 mln z\u0142 \u2b50 Niepoprawnie chronione dane mog\u0105 wyciec = kary \u2b50 Utrata reputacji Twojej firmy \u2b50 83% firm ma \u017ale wdro\u017cone RODO DOSKONA\u0141A&nbsp;\u2b50\u2b50\u2b50\u2b50\u2b50 557 opinii | Trustindex \u2705","og_url":"https:\/\/doit.biz.pl\/checklistarodo\/","og_site_name":"Checklista poprawno\u015bci wdro\u017cenia RODO","article_modified_time":"2025-02-12T09:15:01+00:00","twitter_card":"summary_large_image","schema":{"@context":"https:\/\/schema.org","@graph":[{"@type":"WebPage","@id":"https:\/\/doit.biz.pl\/checklistarodo\/","url":"https:\/\/doit.biz.pl\/checklistarodo\/","name":"Front Page - Checklista poprawno\u015bci wdro\u017cenia RODO","isPartOf":{"@id":"https:\/\/doit.biz.pl\/checklistarodo\/#website"},"datePublished":"2024-11-22T07:31:18+00:00","dateModified":"2025-02-12T09:15:01+00:00","breadcrumb":{"@id":"https:\/\/doit.biz.pl\/checklistarodo\/#breadcrumb"},"inLanguage":"pl-PL","potentialAction":[{"@type":"ReadAction","target":["https:\/\/doit.biz.pl\/checklistarodo\/"]}]},{"@type":"BreadcrumbList","@id":"https:\/\/doit.biz.pl\/checklistarodo\/#breadcrumb","itemListElement":[{"@type":"ListItem","position":1,"name":"Home","item":"https:\/\/doit.biz.pl\/checklistarodo\/"},{"@type":"ListItem","position":2,"name":"Front Page"}]},{"@type":"WebSite","@id":"https:\/\/doit.biz.pl\/checklistarodo\/#website","url":"https:\/\/doit.biz.pl\/checklistarodo\/","name":"Checklista poprawno\u015bci wdro\u017cenia RODO","description":"PRZYGOTUJ SWOJ\u0104 FIRM\u0118\/SKLEP NA 2025 ROK!","publisher":{"@id":"https:\/\/doit.biz.pl\/checklistarodo\/#organization"},"potentialAction":[{"@type":"SearchAction","target":{"@type":"EntryPoint","urlTemplate":"https:\/\/doit.biz.pl\/checklistarodo\/?s={search_term_string}"},"query-input":{"@type":"PropertyValueSpecification","valueRequired":true,"valueName":"search_term_string"}}],"inLanguage":"pl-PL"},{"@type":"Organization","@id":"https:\/\/doit.biz.pl\/checklistarodo\/#organization","name":"Checklista poprawno\u015bci wdro\u017cenia RODO","url":"https:\/\/doit.biz.pl\/checklistarodo\/","logo":{"@type":"ImageObject","inLanguage":"pl-PL","@id":"https:\/\/doit.biz.pl\/checklistarodo\/#\/schema\/logo\/image\/","url":"https:\/\/doit.biz.pl\/checklistarodo\/wp-content\/uploads\/2024\/11\/cropped-AAA8741-\u2014-kopia11.jpg","contentUrl":"https:\/\/doit.biz.pl\/checklistarodo\/wp-content\/uploads\/2024\/11\/cropped-AAA8741-\u2014-kopia11.jpg","width":600,"height":600,"caption":"Checklista poprawno\u015bci wdro\u017cenia RODO"},"image":{"@id":"https:\/\/doit.biz.pl\/checklistarodo\/#\/schema\/logo\/image\/"}}]}},"_links":{"self":[{"href":"https:\/\/doit.biz.pl\/checklistarodo\/wp-json\/wp\/v2\/pages\/6","targetHints":{"allow":["GET"]}}],"collection":[{"href":"https:\/\/doit.biz.pl\/checklistarodo\/wp-json\/wp\/v2\/pages"}],"about":[{"href":"https:\/\/doit.biz.pl\/checklistarodo\/wp-json\/wp\/v2\/types\/page"}],"author":[{"embeddable":true,"href":"https:\/\/doit.biz.pl\/checklistarodo\/wp-json\/wp\/v2\/users\/1"}],"replies":[{"embeddable":true,"href":"https:\/\/doit.biz.pl\/checklistarodo\/wp-json\/wp\/v2\/comments?post=6"}],"version-history":[{"count":34,"href":"https:\/\/doit.biz.pl\/checklistarodo\/wp-json\/wp\/v2\/pages\/6\/revisions"}],"predecessor-version":[{"id":237,"href":"https:\/\/doit.biz.pl\/checklistarodo\/wp-json\/wp\/v2\/pages\/6\/revisions\/237"}],"wp:attachment":[{"href":"https:\/\/doit.biz.pl\/checklistarodo\/wp-json\/wp\/v2\/media?parent=6"}],"curies":[{"name":"wp","href":"https:\/\/api.w.org\/{rel}","templated":true}]}}